{"id":41,"date":"2025-05-21T06:38:21","date_gmt":"2025-05-21T05:38:21","guid":{"rendered":"https:\/\/www.safeit.cz\/?page_id=41"},"modified":"2025-12-03T10:06:50","modified_gmt":"2025-12-03T09:06:50","slug":"kontakty","status":"publish","type":"page","link":"https:\/\/www.safeit.cz\/?page_id=41","title":{"rendered":"Kontakty"},"content":{"rendered":"\n<div class=\"wp-block-columns is-layout-flex wp-container-core-columns-is-layout-9d6595d7 wp-block-columns-is-layout-flex\">\n<div class=\"wp-block-column is-layout-flow wp-block-column-is-layout-flow\">\n<p><strong>Adresa spole\u010dnosti:<\/strong><\/p>\n\n\n\n<p>Sokola T\u016fmy 743\/16,<br>709 00 Ostrava, Mari\u00e1nsk\u00e9 Hory<br>Czech republic<\/p>\n\n\n\n<p><strong>Adresa provozovny:<\/strong><\/p>\n\n\n\n<p>Mo\u0161nov \u010d.p. 314<br>742 51 Mo\u0161nov<br>Czech republic<\/p>\n\n\n\n<p>I\u010cO: 03759750<br>DI\u010c: CZ03759750<\/p>\n\n\n\n<p>datov\u00e1 schr\u00e1nka: s67we34<br>e-mail: info@safeit.cz<\/p>\n\n\n\n<p>tel.: +420 733 677 511<\/p>\n\n\n\n<p id=\"zerif-copyright\"><\/p>\n<\/div>\n\n\n\n<div class=\"wp-block-column is-layout-flow wp-block-column-is-layout-flow\">\n<figure class=\"wp-block-image size-full\"><img loading=\"lazy\" decoding=\"async\" width=\"640\" height=\"360\" src=\"https:\/\/www.safeit.cz\/wp-content\/uploads\/technology-2082642_640.jpg\" alt=\"\" class=\"wp-image-35\" srcset=\"https:\/\/www.safeit.cz\/wp-content\/uploads\/technology-2082642_640.jpg 640w, https:\/\/www.safeit.cz\/wp-content\/uploads\/technology-2082642_640-300x169.jpg 300w\" sizes=\"auto, (max-width: 640px) 100vw, 640px\" \/><\/figure>\n\n\n\n<hr class=\"wp-block-separator has-alpha-channel-opacity\"\/>\n\n\n<div class=\"wp-block-image\">\n<figure class=\"alignright size-full is-resized\"><img loading=\"lazy\" decoding=\"async\" width=\"879\" height=\"255\" src=\"https:\/\/www.safeit.cz\/wp-content\/uploads\/DT_AuthorizedPartner_Gray.png\" alt=\"\" class=\"wp-image-105\" style=\"aspect-ratio:3.447048291192189;width:254px;height:auto\" srcset=\"https:\/\/www.safeit.cz\/wp-content\/uploads\/DT_AuthorizedPartner_Gray.png 879w, https:\/\/www.safeit.cz\/wp-content\/uploads\/DT_AuthorizedPartner_Gray-300x87.png 300w, https:\/\/www.safeit.cz\/wp-content\/uploads\/DT_AuthorizedPartner_Gray-768x223.png 768w\" sizes=\"auto, (max-width: 879px) 100vw, 879px\" \/><\/figure>\n<\/div>\n\n<div class=\"wp-block-image\">\n<figure class=\"alignright size-full is-resized\"><img loading=\"lazy\" decoding=\"async\" width=\"980\" height=\"201\" src=\"https:\/\/www.safeit.cz\/wp-content\/uploads\/eset-bronze-logotype-horizontal-color.png\" alt=\"\" class=\"wp-image-109\" style=\"aspect-ratio:4.875524579572868;width:402px;height:auto\" srcset=\"https:\/\/www.safeit.cz\/wp-content\/uploads\/eset-bronze-logotype-horizontal-color.png 980w, https:\/\/www.safeit.cz\/wp-content\/uploads\/eset-bronze-logotype-horizontal-color-300x62.png 300w, https:\/\/www.safeit.cz\/wp-content\/uploads\/eset-bronze-logotype-horizontal-color-768x158.png 768w\" sizes=\"auto, (max-width: 980px) 100vw, 980px\" \/><\/figure>\n<\/div><\/div>\n<\/div>\n\n\n<div class=\"wp-block-image\">\n<figure class=\"alignright size-large is-resized\"><img loading=\"lazy\" decoding=\"async\" width=\"1024\" height=\"437\" src=\"https:\/\/www.safeit.cz\/wp-content\/uploads\/Lenovo360_Infrastructure-Solutions-Partner_Authorized_Emblem-1024x437.jpg\" alt=\"\" class=\"wp-image-112\" style=\"aspect-ratio:2.343142619092684;width:253px;height:auto\" srcset=\"https:\/\/www.safeit.cz\/wp-content\/uploads\/Lenovo360_Infrastructure-Solutions-Partner_Authorized_Emblem-1024x437.jpg 1024w, https:\/\/www.safeit.cz\/wp-content\/uploads\/Lenovo360_Infrastructure-Solutions-Partner_Authorized_Emblem-300x128.jpg 300w, https:\/\/www.safeit.cz\/wp-content\/uploads\/Lenovo360_Infrastructure-Solutions-Partner_Authorized_Emblem-768x328.jpg 768w, https:\/\/www.safeit.cz\/wp-content\/uploads\/Lenovo360_Infrastructure-Solutions-Partner_Authorized_Emblem-1536x655.jpg 1536w, https:\/\/www.safeit.cz\/wp-content\/uploads\/Lenovo360_Infrastructure-Solutions-Partner_Authorized_Emblem-2048x874.jpg 2048w\" sizes=\"auto, (max-width: 1024px) 100vw, 1024px\" \/><\/figure>\n<\/div>","protected":false},"excerpt":{"rendered":"<p>Adresa spole\u010dnosti: Sokola T\u016fmy 743\/16,709 00 Ostrava, Mari\u00e1nsk\u00e9 HoryCzech republic Adresa provozovny: Mo\u0161nov \u010d.p. 314742 51 Mo\u0161novCzech republic I\u010cO: 03759750DI\u010c: CZ03759750 datov\u00e1 schr\u00e1nka: s67we34e-mail: info@safeit.cz tel.: +420 733 677 511<\/p>\n","protected":false},"author":1,"featured_media":0,"parent":0,"menu_order":0,"comment_status":"closed","ping_status":"closed","template":"","meta":{"neve_meta_sidebar":"","neve_meta_container":"","neve_meta_enable_content_width":"","neve_meta_content_width":0,"neve_meta_title_alignment":"","neve_meta_author_avatar":"","neve_post_elements_order":"","neve_meta_disable_header":"","neve_meta_disable_footer":"","neve_meta_disable_title":"","_themeisle_gutenberg_block_has_review":false,"footnotes":""},"class_list":["post-41","page","type-page","status-publish","hentry"],"_links":{"self":[{"href":"https:\/\/www.safeit.cz\/index.php?rest_route=\/wp\/v2\/pages\/41","targetHints":{"allow":["GET"]}}],"collection":[{"href":"https:\/\/www.safeit.cz\/index.php?rest_route=\/wp\/v2\/pages"}],"about":[{"href":"https:\/\/www.safeit.cz\/index.php?rest_route=\/wp\/v2\/types\/page"}],"author":[{"embeddable":true,"href":"https:\/\/www.safeit.cz\/index.php?rest_route=\/wp\/v2\/users\/1"}],"replies":[{"embeddable":true,"href":"https:\/\/www.safeit.cz\/index.php?rest_route=%2Fwp%2Fv2%2Fcomments&post=41"}],"version-history":[{"count":7,"href":"https:\/\/www.safeit.cz\/index.php?rest_route=\/wp\/v2\/pages\/41\/revisions"}],"predecessor-version":[{"id":114,"href":"https:\/\/www.safeit.cz\/index.php?rest_route=\/wp\/v2\/pages\/41\/revisions\/114"}],"wp:attachment":[{"href":"https:\/\/www.safeit.cz\/index.php?rest_route=%2Fwp%2Fv2%2Fmedia&parent=41"}],"curies":[{"name":"wp","href":"https:\/\/api.w.org\/{rel}","templated":true}]}}